of -n**5/20 - n**4/12 + 2*n**3/3 - 5*n**2/2 + 94*n. Give o(2).
-9
Let v(d) be the second derivative of -2/3*d**3 + 0 - 1/20*d**5 - 1/2*d**4 + 8*d - 3/2*d**2. Suppose -4*c = -2*i + 12, i - 4 = 4*c - 3*i. Determine v(c).
-8
Let f(h) = 5*h - 6. Suppose -16 = -5*o + 2*n + n, -4*o = 5*n - 35. Determine f(o).
19
Let t(h) be the second derivative of h**5/20 + h**4/2 + h**3/2 - h**2 - 7*h + 8. Calculate t(-3).
16
Let k(q) be the second derivative of q**4/6 - q**3/6 + q**2/2 + 4*q - 148. Suppose 0*v + 3 = 3*v. Determine k(v).
2
Let n be 202/(-5) + 4/40*-6. Let a = -45 - n. Let i(h) = h + 2. Calculate i(a).
-2
Let r = -63 + 64. Let u(d) = -8*d**2 + d - 1. Determine u(r).
-8
Let p(k) = 101*k - 37*k - 62*k + 18 + 4. Calculate p(-17).
-12
Let h = 13 - 2. Let g(l) = -2*l**2 - 10*l**3 + 9*l**2 + h*l**3 - 3 + 7*l. Let m = 16 - 22. Determine g(m).
-9
Suppose 5*f = 0, -3*w - 2*f + 7*f + 9 = 0. Let z(b) = 3 - w + 0 - b**2. Let q be z(0). Let k(a) = a**3 + a**2 - a - 10. What is k(q)?
-10
Let x(p) be the second derivative of -p**3/2 - p**2/2 - 325*p. Determine x(-1).
2
Let h = -1522 - -1526. Let n(k) = -4*k - 9. What is n(h)?
-25
Let n(w) be the second derivative of 0*w**3 + 1/2*w**4 - 5/2*w**2 - 1/20*w**5 + 0 - 11*w. Determine n(6).
-5
Let r = -13 + 5. Let k(a) be the first derivative of -a**3/3 - 4*a**2 - 3*a + 3499. Determine k(r).
-3
Let n(f) = -20*f**3 - 16*f**2 - 19*f - 45. Let k(b) = -9*b**3 - 8*b**2 - 9*b - 20. Let u(t) = 9*k(t) - 4*n(t). Determine u(-6).
-42
Suppose -14 + 49 = 5*q. Let p(z) = -z - 29. Let d(x) = x + 23. Let w(f) = 6*d(f) + 5*p(f). Give w(q).
0
Let l = -4 + 6. Let u(r) = 2 - r + l*r + 9. Let d be 4/((-8)/6) - (-50)/(-10). Determine u(d).
3
Let l(z) = 6*z**2 - 2*z**2 + 14*z - 3*z**2 - 20*z - 3. Suppose -4*v - 3*w + 16 = 0, w + 7 = 3. Let a be l(v). Let t(s) = -s**2 + 3*s + 4. What is t(a)?
0
Let w(f) = f**3 + 5*f**2 - 2*f - 5. Suppose 0*r - r = 0. Suppose -d = -r*d - 5. Suppose 5*b - 4*b = -d*u - 25, -3*u = 3*b + 27. What is w(b)?
5
Let q = -34 + 27. Let b(a) = -4*a - 8. Let w(s) = 9*s + 16. Let i(l) = -5*b(l) - 2*w(l). Determine i(q).
-6
Let w(o) = -o**3 - 5*o**2 + 2*o + 1. Suppose 3*j + 45 = -2*j. Let a(f) = -2*f + 22. Let s be a(9). Let n = j + s. Calculate w(n).
-9
Let r(s) = -2*s**2 + 4*s + 3. Let d be r(2). Let t be (0 - (-1 + 1)) + d. Let m(q) = -6*q + 1. Give m(t).
-17
Let i = -859 + 864. Let k(m) = -m**3 + 5*m**2 + m - 7. What is k(i)?
-2
Let k(t) = -4*t**2 + 7 + 7*t**2 + 8*t - 1. Let q(l) = -l**2 - 3*l - 2. Let i(y) = 6*k(y) + 17*q(y). Let z = -47512 - -47517. What is i(z)?
12
Suppose 3*z + 1 = -2*i - 3, 0 = -3*i + 4*z - 23. Let l(x) = -21*x + 17. Let s(d) = -47*d + 39. Let r(f) = 9*l(f) - 4*s(f). Determine r(i).
2
Let u(l) be the first derivative of -l**3/3 - 6*l**2 + 8*l + 4. Let b be u(-13). Let p(k) = -k**2 - 5*k + 4. Give p(b).
4
Let g(y) be the first derivative of y**3/3 + 5*y**2/2 - 2*y + 10. Let x(f) = -2*f**2 + 4*f. Let b be x(3). Determine g(b).
4
Let b(f) = -f**2 + 9*f - 9. Let m = 149 + -127. Let y be m/4 + ((-15)/(-2))/5. What is b(y)?
5
Let w(r) = -r**2 + 1. Suppose v + 3*v = -8. Let z(d) = -1. Let q(x) = -x - 5. Let t(a) = -q(a) + z(a). Let o be t(v). Give w(o).
-3
Let r(a) be the third derivative of -7*a**4/12 - a**3/6 - 5*a**2. Let h(o) = -5*o. Let p(y) = 17*h(y) - 6*r(y). Suppose 0 = -6*s + 15 + 33. Calculate p(s).
-2
Suppose 7*v - 26 = -5. Let z(k) = -k**2 - k + 1. Determine z(v).
-11
Suppose -6*v + 3*v = -6. Let k(u) = -u**3 - 8*u**2 + 36 - 48 - 4*u + 0*u**v. Calculate k(-8).
20
Let w(y) = y + 2. Let a = 3 + 3. Let q be (-22)/(-12) - (-1)/a. Suppose t = q*g - 7*g + 14, -16 = -5*g + t. What is w(g)?
5
Let x(w) be the third derivative of -w**4/24 + w**3/6 - 2*w**2 - 19. Calculate x(1).
0
Let o(m) be the third derivative of m**2 + 0 - 1/120*m**6 + 1/6*m**3 - 1/60*m**5 + 0*m + 1/12*m**4. Let z = 0 + -2. What is o(z)?
1
Let u(n) = -5*n + 2. Suppose r + o = -0*o - 3, o = 4*r + 7. Let h = -3 - r. Let b be 0*h/(-2) + 2. Calculate u(b).
-8
Let c(s) = s**3 - 5*s**2 - 6*s + 4. Let g be c(6). Let b(x) be the second derivative of -1/2*x**3 + 5/2*x**2 + 2 + 8*x. Calculate b(g).
-7
Let o(z) = 4 - 27*z**2 + 0*z**3 + 3*z + z**3 - 20*z**2 + 42*z**2. Let m be o(4). Let b(l) = l + 6*l**2 + 7 - 4*l**2 - 3*l**2 + l**3. What is b(m)?
7
Let f(g) be the second derivative of -22*g + 0 + 0*g**2 + 7/12*g**4 - 1/6*g**3. Calculate f(1).
6
Let a(p) = 0*p**3 + 5*p**2 - 7 - 2*p**3 - p**3 + 2*p**3 + 8*p. Suppose 13 = 7*v - 29. Calculate a(v).
5
Let g = 131 - 127. Let r be 9/(9/g) + -10. Let f(u) = -4*u**3 - 5*u - 8 + 3*u**3 - 6*u**2 + 3*u. Determine f(r).
4
Suppose -1044 = -90*g + 3*g. Let x(t) = -t**3 + 14*t**2 - 24*t - 4. Determine x(g).
-4
Let m(t) = -4*t**3 - t - 1. Let n(x) = x + 9. Let r(a) = -a - 10. Let h be (1/(-1))/(2/8). Let u(s) = h*r(s) - 5*n(s). Let i be u(-4). Calculate m(i).
4
Let j(v) be the first derivative of 4*v + 8 - 1/2*v**2 - 1/3*v**3. Give j(0).
4
Let m(l) = -l**3 + 8*l**2 - 9*l - 6. Suppose 285 = 44*f - 23. Determine m(f).
-20
Let z be 4/(-12)*(1 + (-13)/1). Let r(k) = k - 9. Give r(z).
-5
Suppose -5*v - 13 = 3*c - v, 0 = 5*c + 3*v + 7. Let g(m) = -8*m**3 - m**2 + m. Calculate g(c).
-8
Let r(f) = f**3 - 10*f**2 - f + 4. Suppose d = 5*z + 2*d - 24, 0 = 3*d + 3. Suppose z*j = x + 51, 23 = 4*j - 5*x - 22. Determine r(j).
-6
Suppose 34*g - 35*g = -33. Let v(c) = -c**2 - 35 - g - 5*c + 66. What is v(-6)?
-8
Suppose -117*q + 114*q = -60. Suppose q*u + 5 = 21*u. Let w(i) = i - 3. Give w(u).
2
Let n(x) = -x**2 + 11*x - 5. Let g = -79 + 87. What is n(g)?
19
Suppose 0 = 3*i - 3*q - 3, 2*q = 5*i - 8 - 0. Let r(a) = 2*a**3 - 2*a**2 - a + 2. Calculate r(i).
8
Let l(m) = 19*m - 1. Let s be l(2). Suppose -28 = 3*y - 5*i, 0 = -2*y + 3*i - 23 + 5. Let k be 3/(-18) - s/y. Let q(a) = -a + 1. Determine q(k).
-5
Let i(g) = -g**2 - g - 2. Let t(u) = -u**3 - u**2 + u - 2. Let z = -2 + 10. Let v(q) = q**2 - 7*q - 10. Let p be v(z). Let x be t(p). What is i(x)?
-2
Let h(c) = c**2 + c + 1. Let b(n) = -11*n**2 - 4*n - 5. Let l = -25 + 20. Let s(m) = l*h(m) - b(m). Let g = 3 - 2. Calculate s(g).
5
Let k(u) be the third derivative of 1/60*u**6 + 1/2*u**3 + 0*u + 1/12*u**4 + 0 - 1/12*u**5 + 9*u**2. Calculate k(3).
18
Suppose 5*p - p = -4. Let g = p - 1. Let r(u) = 2*u**3 + 2 - u**3 + 4*u**2 - 10*u + 10*u + 0*u**2. Give r(g).
10
Let g(y) = y**3 + 24*y**2 + 33. Let x be g(-24). Let p be 12/66 + 93/x. Let f(c) = c**3 - 3*c**2. Determine f(p).
0
Let p(l) = l**2 - 3*l + 3. Let d be p(-3). Let w = -6 + d. Let g be 2*3*w/18. Let k(r) = 2*r - 5. Determine k(g).
5
Suppose 4*t = 0, -3*i + 2*t = 6*t - 9. Suppose 3*m - 3*u = 12, -i*m + 5 = 2*u - 27. Let b(o) = m*o + o**2 + o - 4*o + 2 + 2. Give b(-5).
4
Let f(a) = a - 1. Suppose -3*m - 3 = k, 0*k = -2*k - 4*m - 6. What is f(k)?
-4
Let n(p) = p + 2. Let b(g) = -2*g**2 - 10*g - 20. Let f be b(-2). Give n(f).
-6
Suppose -5 = -5*j + 4*o - 0*o, 4*o + 20 = 0. Suppose 2*k - 2 - 4 = 0. Let l(w) = w**3 + 2 - 6 + 4*w**2 + 0*w**k. What is l(j)?
5
Let t(h) = -3*h**2 + 29*h - 12. Let a be t(9). Let j(l) = l + 5. Let o(f) = f. Let w(q) = -j(q) + 3*o(q). What is w(a)?
7
Suppose 0 = 3*l - u - 13, l + 2*u - 18 = -4*l. Let s be 8/2 + (-4)/2. Let j(c) = 8*c + 8 - c**2 - l*c + s*c - 2. Determine j(5).
11
Suppose -3*n - 8 = h, -2*n - 2*h - 3*h + 12 = 0. Let g be 23/4 - 3*n/(-16). Let l(f) = -f - 2. What is l(g)?
-7
Let i(k) = 6*k**2 - 13. Let j(y) = -13*y**2 + y + 28. Let v(u) = -9*i(u) - 4*j(u). What is v(2)?
-11
Let u(p) = p**3 - 25. Let s(n) = n**3 + 6*n**2 + 8*n - 6. Let j be s(-5). Let k = j + 21. Calculate u(k).
-25
Suppose -11 = f - 13. Suppose f = -3*p + 17. Let k(t) = t**3 - 5*t**2 + 2*t - 5. What is k(p)?
5
Let r(h) = 2*h**3 + 10*h**2 - 13*h - 6. Let d be r(-6). Let k(j) = j + 22. Determine k(d).
22
Suppose -23 = -2*s + 2*i - 7, 2*i + 16 = 4*s. Let r(o) = -1 - 3 - o**2 - 5. What is r(s)?
-9
Let p(s) = -s**3 + 2*s**2 - 2*s + 2. Let j(k) = 2*k**3 - 2*k**2 + 3*k - 3. Let w(v) = 3*j(v) + 4*p(v). Let d be (-15)/20*2*8/6. Determine w(d).
-11
Let f be 6/((-1)/((-1)/2)). Suppose f*c - 9 = t, -5*c + 4*c + 3 = t. Let m(a) = 4*a - 3. Let p(u) = -3*u + 4. Let y(l) = -2*m(l) - 3*p(l). Calculate y(c).
-3
Let w(a) = -3*a - 12. Let k be w(-5). Let z(c) = 0*c - 9*c**3 - 2*c + 1 + 9*c**3 + 2*c**2 - 8*c**k. Give z(1).
-7
Let a(f) be t